.
7
Convert -1 (base 16) to base 9.
-1
What is 0 (base 10) in base 11?
0
What is 3 (base 8) in base 4?
3
-20 (base 9) to base 10
-18
Convert 33 (base 4) to base 12.
13
21 (base 5) to base 15
b
What is -19 (base 16) in base 9?
-27
Convert -e (base 15) to base 12.
-12
Convert 205 (base 8) to base 6.
341
Convert -2 (base 6) to base 4.
-2
Convert -4 (base 9) to base 12.
-4
Convert 11b (base 13) to base 10.
193
Convert 255 (base 7) to base 16.
8a
-10 (base 9) to base 2
-1001
2 (base 13) to base 8
2
What is a4 (base 11) in base 6?
310
-36 (base 7) to base 2
-11011
0 (base 4) to base 2
0
What is 11 (base 13) in base 8?
16
-42 (base 10) to base 14
-30
Convert -1 (base 5) to base 2.
-1
Convert 7c (base 13) to base 4.
1213
Convert 103 (base 14) to base 12.
147
Convert 7 (base 10) to base 12.
7
What is 110 (base 2) in base 7?
6
Convert 10 (base 2) to base 5.
2
-10 (base 4) to base 16
-4
-44 (base 10) to base 5
-134
What is -4 (base 15) in base 9?
-4
What is 2 (base 6) in base 12?
2
-2 (base 16) to base 5
-2
What is 131 (base 6) in base 4?
313
Convert 33 (base 6) to base 11.
1a
15 (base 15) to base 3
202
Convert 4 (base 10) to base 2.
100
What is 8 (base 9) in base 2?
1000
36 (base 13) to base 9
50
21 (base 6) to base 15
d
-37 (base 11) to base 10
-40
What is 1213 (base 4) in base 2?
1100111
5 (base 15) to base 3
12
2 (base 5) to base 7
2
What is -48 (base 10) in base 14?
-36
What is 4 (base 8) in base 2?
100
What is 0 (base 15) in base 6?
0
What is 1010 (base 2) in base 11?
a
What is 1111 (base 2) in base 8?
17
Convert 12 (base 3) to base 8.
5
Convert -1 (base 13) to base 14.
-1
-2 (base 10) to base 12
-2
a (base 12) to base 2
1010
-14 (base 9) to base 11
-12
-2 (base 7) to base 4
-2
Convert -7 (base 16) to base 13.
-7
Convert -3 (base 10) to base 4.
-3
Convert 222 (base 7) to base 9.
136
Convert -26 (base 10) to base 15.
-1b
4 (base 10) to base 7
4
3 (base 15) to base 5
3
3 (base 11) to base 15
3
What is 302 (base 4) in base 14?
38
Convert 5 (base 9) to base 4.
11
Convert -11 (base 8) to base 9.
-10
Convert 108 (base 10) to base 6.
300
Convert -10 (base 2) to base 16.
-2
What is 133 (base 5) in base 12?
37
-5 (base 10) to base 11
-5
-2a (base 16) to base 12
-36
1232 (base 4) to base 16
6e
5 (base 6) to base 11
5
6 (base 13) to base 16
6
Convert 11 (base 4) to base 13.
5
Convert 1 (base 13) to base 16.
1
Convert -a (base 16) to base 8.
-12
Convert 43 (base 6) to base 5.
102
1 (base 9) to base 16
1
-20 (base 4) to base 10
-8
What is 0 (base 15) in base 2?
0
What is 121 (base 7) in base 14?
48
Convert 10 (base 15) to base 13.
12
What is 10 (base 10) in base 15?
a
Convert -304 (base 8) to base 13.
-121
Convert 5 (base 14) to base 8.
5
-102 (base 5) to base 11
-25
Convert -1110000 (base 2) to base 11.
-a2
2032 (base 4) to base 5
1032
What is -443 (base 10) in base 2?
-110111011
Convert -3 (base 5) to base 10.
-3
Convert 1 (base 14) to base 13.
1
Convert -1 (base 9) to base 3.
-1
What is 1 (base 8) in base 3?
1
Convert -154 (base 12) to base 9.
-251
140 (base 10) to base 3
12012
-2 (base 5) to base 12
-2
What is 1 (base 4) in base 8?
1
-12211 (base 3) to base 6
-421
0 (base 2) to base 13
0
What is 110 (base 2) in base 3?
20
2 (base 11) to base 3
2
What is 8 (base 11) in base 12?
8
Convert 3 (base 15) to base 8.
3
Convert -3 (base 14) to base 7.
-3
Convert 6 (base 9) to base 5.
11
4 (base 13) to base 16
4
-37 (base 14) to base 15
-34
What is -175 (base 13) in base 11?
-221
What is -251 (base 8) in base 14?
-c1
What is -4 (base 6) in base 13?
-4
202 (base 3) to base 16
14
17 (base 14) to base 6
33
-4 (base 12) to base 11
-4
Convert 6 (base 10) to base 12.
6
What is -4 (base 12) in base 16?
-4
What is -7 (base 14) in base 9?
-7
Convert -3 (base 9) to base 8.
-3
What is -6 (base 11) in base 6?
-10
What is -5 (base 6) in base 11?
-5
Convert 12 (base 9) to base 3.
102
What is -10 (base 3) in base 4?
-3
What is 6 (base 8) in base 2?
110
Convert 10 (base 15) to base 3.
120
221 (base 3) to base 10
25
Convert -5 (base 6) to base 5.
-10
Convert 35 (base 12) to base 4.
221
What is -34 (base 7) in base 3?
-221
What is ab (base 12) in base 6?
335
What is 2 (base 6) in base 10?
2
What is -61 (base 8) in base 9?
-54
-85 (base 10) to base 2
-1010101
Convert -211 (base 4) to base 9.
-41
-d (base 14) to base 10
-13
-12010 (base 3) to base 11
-116
What is -24 (base 9) in base 11?
-20
What is 102 (base 7) in base 9?
56
-132 (base 14) to base 2
-11110000
-8 (base 13) to base 14
-8
Convert a1 (base 12) to base 6.
321
-65 (base 12) to base 4
-1031
What is -146 (base 12) in base 5?
-1243
What is -20 (base 3) in base 4?
-12
What is 20212 (base 3) in base 13?
113
What is 302 (base 5) in base 11?
70
Convert -1010 (base 2) to base 14.
-a
1032 (base 5) to base 4
2032
Convert -2 (base 10) to base 11.
-2
115 (base 8) to base 3
2212
Convert -3 (base 8) to base 16.
-3
10011 (base 2) to base 15
14
Convert 13 (base 10) to base 14.
d
1 (base 15) to base 4
1
What is 6 (base 12) in base 7?
6
What is -2 (base 15) in base 3?
-2
What is 2 (base 4) in base 8?
2
What is 3 (base 9) in base 6?
3
Convert 105 (base 12) to base 9.
175
105 (base 7) to base 14
3c
What is 3 (base 11) in base 4?
3
What is -3 (base 13) in base 11?
-3
-3 (base 16) to base 4
-3
14 (base 5) to base 7
12
What is -100 (base 3) in base 15?
-9
1 (base 15) to base 8
1
What is -142 (base 10) in base 15?
-97
What is 73 (base 10) in base 2?
1001001
What is -112 (base 5) in base 14?
-24
126 (base 13) to base 14
105
What is -1035 (base 6) in base 2?
-11101111
What is 135 (base 16) in base 4?
10311
Convert 49 (base 16) to base 9.
81
What is 2 (base 9) in base 4?
2
What is 113 (base 8) in base 7?
135
What is 4 (base 13) in base 3?
11
0 (base 12) to base 16
0
-4 (base 7) to base 9
-4
What is 9 (base 16) in base 15?
9
Convert 16 (base 7) to base 5.
23
1 (base 9) to base 6
1
221 (base 4) to base 14
2d
18 (base 10) to base 14
14
What is -32 (base 7) in base 4?
-113
-ce (base 15) to base 9
-235
Convert 13 (base 11) to base 14.
10
What is -3 (base 7) in base 2?
-11
0 (base 9) to base 2
0
What is 33 (base 10) in base 13?
27
-132 (base 8) to base 11
-82
Convert -1d (base 16) to base 2.
-11101
Convert 8 (base 13) to base 12.
8
Convert -255 (base 10) to base 12.
-193
Convert 10 (base 4) to base 5.
4
What is -63 (base 11) in base 5?
-234
Convert 16 (base 11) to base 5.
32
What is -257 (base 10) in base 3?
-100112
-73 (base 14) to base 8
-145
Convert -12a (base 11) to base 8.
-231
Convert -6 (base 9) to base 16.
-6
4 (base 10) to base 9
4
Convert 11100100 (base 2) to base 3.
22110
220 (base 3) to base 10
24
Convert -210 (base 4) to base 11.
-33
Convert 43 (base 5) to base 13.
1a
What is 2 (base 4) in base 9?
2
What is 5 (base 11) in base 15?
5
What is 301 (base 6) in base 16?
6d
46 (base 11) to base 14
38
24 (base 6) to base 5
31
-11 (base 4) to base 16
-5
What is 8 (base 15) in base 9?
8
What is 1043 (base 5) in base 8?
224
57 (base 12) to base 7
124
What is 44 (base 8) in base 11?
33
Convert -1 (base 12) to base 5.
-1
What is -34 (base 5) in base 10?
-19
What is 6 (base 14) in base 7?
6
What is -e (base 16) in base 5?
-24
Convert -34 (base 6) to base 14.
-18
What is -1 (base 4) in base 12?
-1
-6 (base 14) to base 10
-6
38 (base 13) to base 5
142
Convert -b (base 12) to base 16.
-b
-6 (base 14) to base 2
-110
Convert 64 (base 7) to base 8.
56
71 (base 10) to base 14
51
-6c (base 16) to base 14
-7a
0 (base 8) to base 2
0
What is -8 (base 12) in base 11?
-8
db (base 14) to base 6
521
71 (base 10) to base 7
131
What is 4 (base 7) in base 10?
4
17 (base 9) to base 2
10000
e0 (base 15) to base 2
11010010
What is 31 (base 4) in base 8?
15
What is -3 (base 14) in base 10?
-3
Convert -346 (base 7) to base 12.
-131
Convert 3 (base 6) to base 7.
3
7 (base 12) to base 10
7
Convert -121 (base 3) to base 15.
-11
Convert -6 (base 16) to base 13.
-6
10 (base 2) to base 10
2
Convert -26 (base 7) to base 14.
-16
Convert -311 (base 4) to base 13.
-41
3 (base 14) to base 16
3
What is 3 (base 9) in base 15?
3
Convert 52 (base 13) to base 16.
43
-1 (base 7) to base 16
-1
Convert 3 (base 10) to base 13.
3
What is -12 (base 4) in base 12?
-6
What is -4 (base 12) in base 11?
-4
Convert 44 (base 9) to base 14.
2c
What is -3 (base 4) in base 9?
-3
What is 12 (base 3) in base